t k(m) = 5*m**2 - 5*m + 1. Let r be k(5). Suppose r = 5*v - 79. Calculate the remainder when v is divided by 13.
10
Let v(x) = x**3 - 7*x**2 + 7*x + 4. Suppose -q + 3*g = -21, -q + g + 9 = -2. Calculate the remainder when v(6) is divided by q.
4
Suppose -3*q + 47 = -22. What is the remainder when q is divided by 13?
10
Suppose -3*y - 170 = -2*i, -2*i + 170 = -5*y + 3*y. Let t = -27 + 49. Calculate the remainder when i is divided by t.
19
Let d be ((-1)/2)/(8/(-368)). Suppose d = 3*t - 7. Calculate the remainder when 28 is divided by t.
8
Suppose -g - 6 = -3*m, 0 = -0*m + 3*m - 3. Let h = g + 2. What is the remainder when (5*-1 + -2)*h is divided by 4?
3
Let x = 5 - -8. Let m be (-2 - -2) + (48 - 0). Let h = m - 11. Calculate the remainder when h is divided by x.
11
Suppose 3*v + 138 = 4*y, 4*v - 1 - 7 = 0. Suppose -n - 5 = -24. What is the remainder when y is divided by n?
17
Let w be (-1)/(-4) - 3/12. Suppose 5*c - 59 + 19 = w. Let m(f) = 2*f**3 - 1. Calculate the remainder when m(2) is divided by c.
7
Let q(r) = r**3 + 11*r**2 + 8*r - 5. What is the remainder when 84 is divided by q(-10)?
9
Suppose 4*s - 4*c = 32, 44 = 3*s - c + 2*c. Calculate the remainder when 44 is divided by s.
5
Suppose 1 = 2*t - 3. Suppose -2*n + t*v + 30 = 0, -n + 8*v - 3*v = 1. Calculate the remainder when 36 is divided by n.
17
Let y = 3 - 6. Suppose 3*o = -2*u + 14, -4*o + 34 = -4*u - 18. Calculate the remainder when (-2 + -19)*2/y is divided by o.
6
Suppose 5*b = 6 - 26. Let l(p) = -1 - p + p - p. Calculate the remainder when 8 is divided by l(b).
2
Suppose 2*x = 46 + 14. What is the remainder when x is divided by 8?
6
Suppose 0 = 5*a + 2*a - 630. Suppose 3*u - 4*m - 74 = -9, 0 = -2*u + 5*m + 41. Calculate the remainder when a is divided by u.
21
What is the remainder when (4/10)/(14/1120) is divided by 18?
14
Suppose 0*b + 2*m + 7 = b, 19 = b + m. What is the remainder when b is divided by 4?
3
Let g = 0 + 3. Suppose g*f - 226 = -40. Calculate the remainder when f is divided by 21.
20
Let r be (12/(-10))/(4/(-10)). Let m = r + 4. Calculate the remainder when 25 is divided by m.
4
What is the remainder when (30 - (0 - -1))*1 is divided by 10?
9
Suppose 2*h - 3*h = -4. Suppose w = h + 72. Calculate the remainder when 3/1*w/6 is divided by 20.
18
Let o(q) = -q**2 - 7*q + 8. Let y be o(-8). Suppose 3*m + 3 - 114 = y. Calculate the remainder when m is divided by 13.
11
Let l = 34 + -20. What is the remainder when 12/(-18)*330/(-4) is divided by l?
13
Let s = 18 - 10. Let q = s - -1. What is the remainder when 25 is divided by q?
7
Suppose -4*h - 3*d - 33 = -6*h, -4*h + d = -41. Calculate the remainder when h is divided by 6.
3
Suppose 3*q = q + c + 57, -3*q - c = -88. Calculate the remainder when q is divided by 10.
9
Suppose 2*u = u. Suppose 3*z + u*i = -i + 104, -38 = -z - 2*i. Calculate the remainder when -1 + z/2 - -1 is divided by 6.
5
Calculate the remainder when (-1067)/(-55) - (-4)/(-10) is divided by 12.
7
Let x = 113 - 55. Suppose 0 = 2*c + 5*d - x, 6*c = 2*c + 4*d + 60. Suppose -f + c = -5*k + k, -k = -5*f + 38. Calculate the remainder when 13 is divided by f.
6
Suppose -4*z + 96 = 3*j, 6*z - 3*z = 0. What is the remainder when j is divided by 75/7 + 2/7?
10
Suppose 5*x - 662 = -162. What is the remainder when x is divided by 34?
32
Suppose 3 + 0 = c. Calculate the remainder when c/(-6) - (-174)/4 is divided by 15.
13
Let x = 45 - 13. Calculate the remainder when x is divided by 20.
12
Let k = 7 - 3. Suppose -4*o + 37 = 3*s, 2*s + 25 = 3*o + 7*s. Calculate the remainder when o is divided by k.
2
Suppose 2*p - 10 = -6. Suppose -p*h - j - 13 = -47, -14 = -h + j. Calculate the remainder when 29 is divided by h.
13
Suppose -3*r - 2 + 11 = 2*u, 0 = 4*u. Suppose 0 = -3*g + 4*g - r. Calculate the remainder when ((-12)/(-10))/((-3)/(-10)) is divided by g.
1
Suppose 0 = -2*r + 2 - 4. Let l(o) = 41*o**2 - o - 1. What is the remainder when l(r) is divided by 14?
13
Let n(h) = h**2 + 5*h + 4. Suppose -4*v = 5*y - 175 - 74, 0 = v - 1. Let c = y - 31. What is the remainder when c is divided by n(-6)?
8
Let k = 4 + 1. Suppose 2*t - 56 = -40. What is the remainder when t is divided by k?
3
Suppose -3*i - 2*x = -34, -3*i + 0*i + 38 = x. Suppose 3*u + 62 = 179. Calculate the remainder when u is divided by i.
11
Let k = 64 - 59. What is the remainder when -28*(0 - (-2)/(-4)) is divided by k?
4
Let j be 0 + (3 + -1 - -2). Let v = -52 - -108. What is the remainder when v is divided by 2/(-3)*(-114)/j?
18
Let z be (19 + -25)*(-2)/4. Calculate the remainder when (z - -22) + 1 + -3 is divided by 12.
11
Suppose -7 = 4*p - 51. Calculate the remainder when 41 is divided by p.
8
Let n(b) be the third derivative of -b**6/24 + b**5/30 - b**3/6 + b**2. What is the remainder when 23 is divided by n(-1)?
5
Suppose 3*o - 9 + 3 = 0. Suppose 0 = q + 2*q - o*m - 44, 4*m + 40 = 2*q. Calculate the remainder when 34 is divided by q.
10
Let m = 74 - 42. What is the remainder when 63 is divided by m?
31
Suppose -z + 27 = -37. Suppose -z = -2*o - 14. Calculate the remainder when 98 is divided by o.
23
Let a(b) = b**2 + 6*b + 2. Let h be a(-6). Calculate the remainder when 1176/32 + h/8 is divided by 20.
17
Suppose 0 = -5*q - 5*l + 870, q - 157 - 2 = -4*l. Calculate the remainder when q is divided by 9.
8
Let m(b) = 46*b**2 - b - 1. Let y be m(-1). Let d = 111 - y. What is the remainder when d is divided by 34?
31
Let j(t) = 4*t**2 + 11*t + 8. Calculate the remainder when j(-4) is divided by 12.
4
Calculate the remainder when (-12)/24 + 79/2 is divided by ((-4)/(-8))/((-2)/(-56)).
11
Suppose -5*o + 3*o + t - 33 = 0, t - 5 = 0. Let p = -2 - o. Calculate the remainder when 21 is divided by p.
9
Let n = 5 - -3. What is the remainder when (-10)/3*27/(-6) is divided by n?
7
Let d(s) = 5*s**2 + s - 1. Let r(j) = -j + 8. Let m be r(10). What is the remainder when d(m) is divided by 10?
7
Suppose -2*c = 4*z + c - 39, -5*z + 45 = 5*c. Calculate the remainder when 59 is divided by z.
11
Suppose 7*n = 3*n + 16. Suppose 4*c = 2*c + n. Let x = -5 - -9. What is the remainder when x is divided by c?
0
Let c = -1 - -5. Suppose 2*l = c*o - 18, -4*o + 2*o + 21 = 3*l. Suppose -5*z + 5*p = 4 + o, 3*z + 2*p - 19 = 0. Calculate the remainder when 7 is divided by z.
1
Let p = -32 - -88. What is the remainder when p is divided by 19?
18
Suppose 2*o - 564 = -2*o. Suppose 0*t = -3*t + o. Calculate the remainder when t is divided by 12.
11
Let f = -2 - -1. Let v be ((-84)/(-16))/(f/(-12)). Suppose 0 = 4*b - v - 13. Calculate the remainder when b is divided by 7.
5
Let u(t) be the first derivative of t + 1/2*t**2 + t**4 + 1/3*t**3 - 1. Calculate the remainder when u(2) is divided by 14.
11
Suppose 3*p = -4*m + p + 12, -3*m + 16 = 5*p. Suppose -2*b = -k + 9, -4*b + 2 = -m. Calculate the remainder when 41 is divided by k.
8
Let o = -196 - -200. Suppose 4*j - 33 = j. What is the remainder when j is divided by o?
3
Let f(u) = 14*u**3. What is the remainder when 54 is divided by f(1)?
12
Suppose 0*w - w + 42 = 0. Calculate the remainder when w is divided by 11.
9
Let y(c) = -18*c - 9. Calculate the remainder when y(-4) is divided by 13.
11
Suppose 4*h - 13 = 43. Calculate the remainder when 110 is divided by h.
12
Let l(s) = s**3 - 5*s**2 - 5*s + 7. Let a be (-1 - 1)/((-2)/(-15)). Let y = 21 + a. What is the remainder when 50 is divided by l(y)?
11
Let g = 42 + -11. Calculate the remainder when g is divided by 8.
7
Suppose 0 = 5*r - 5*q - 210, 3*q = -5*r - q + 219. Let j(n) = 2*n**2 + 5*n + 3. Let l be 5*1*12/(-15). Calculate the remainder when r is divided by j(l).
13
Let w(b) = -82*b + 1. Suppose q = -3*u - 8, 4*q + 12 - 4 = 0. Let f be w(u). Suppose -10 = 5*k - f. Calculate the remainder when k is divided by 16.
15
Let h = 42 - 29. Calculate the remainder when (57/12)/(2/16) is divided by h.
12
Suppose -3*l = l - 84. Suppose l = 3*g + 5*j - 13, 4*j = 5*g - 69. Calculate the remainder when 34 is divided by g.
8
Suppose -5*x + 5 = 0, -x - 6 = -h - 0. Suppose d - 5*m = 32, h = -2*m - 3. What is the remainder when (-94)/(-5) - 4/(-20) is divided by d?
5
Let o be 2*(-9)/(-6) + 1. Suppose 0 = -o*b + 24 + 8. Calculate the remainder when 23 is divided by b.
7
Suppose -5*k + 77 = -3*g - 28, 3*g - 111 = -4*k. Suppose n + 4*n + o - 42 